rs of 6018339.
3, 73, 27481
List the prime factors of 1024708.
2, 19, 97, 139
What are the prime factors of 1043143?
107, 9749
List the prime factors of 1426968.
2, 3, 19819
What are the prime factors of 405833?
61, 6653
List the prime factors of 226481.
23, 43, 229
What are the prime factors of 1250125?
5, 73, 137
What are the prime factors of 516370?
2, 5, 51637
List the prime factors of 336554.
2, 168277
List the prime factors of 10701835.
5, 2140367
List the prime factors of 1330399.
7, 19, 1429
What are the prime factors of 2217995?
5, 13, 34123
List the prime factors of 2582502.
2, 3, 13, 113, 293
List the prime factors of 123110.
2, 5, 13, 947
What are the prime factors of 3860532?
2, 3, 13, 73, 113
What are the prime factors of 3503517?
3, 1167839
What are the prime factors of 1313279?
11, 119389
List the prime factors of 2054633.
7, 41, 7159
List the prime factors of 1738581.
3, 13, 44579
List the prime factors of 2628441.
3, 19, 809
List the prime factors of 42279.
3, 17, 829
What are the prime factors of 6356618?
2, 811, 3919
List the prime factors of 946995.
3, 5, 7, 29, 311
What are the prime factors of 1327114?
2, 663557
What are the prime factors of 1212789?
3, 19, 21277
List the prime factors of 7298945.
5, 19, 76831
List the prime factors of 29668970.
2, 5, 2966897
What are the prime factors of 935534?
2, 167, 2801
List the prime factors of 254452.
2, 11, 5783
List the prime factors of 165567.
3, 229, 241
What are the prime factors of 176899?
176899
List the prime factors of 98196.
2, 3, 7, 167
List the prime factors of 166794.
2, 3, 27799
What are the prime factors of 663185?
5, 132637
List the prime factors of 5220227.
5220227
What are the prime factors of 2646875?
5, 7, 11
What are the prime factors of 5953611?
3, 1984537
What are the prime factors of 8670362?
2, 29, 149489
What are the prime factors of 167744?
2, 2621
What are the prime factors of 2103618?
2, 3, 11, 31873
List the prime factors of 10989674.
2, 5494837
What are the prime factors of 19409206?
2, 17, 570859
List the prime factors of 99671.
11, 13, 17, 41
List the prime factors of 5516515.
5, 37, 29819
What are the prime factors of 22684224?
2, 3, 118147
What are the prime factors of 891510?
2, 3, 5, 29717
List the prime factors of 2884338.
2, 3, 23, 6967
List the prime factors of 9787890.
2, 3, 5, 7, 127, 367
List the prime factors of 107931.
3, 35977
List the prime factors of 646835.
5, 7, 18481
List the prime factors of 2015410.
2, 5, 43, 109
List the prime factors of 2691575.
5, 23, 31, 151
What are the prime factors of 485467?
83, 5849
List the prime factors of 14700309.
3, 13, 376931
List the prime factors of 152405.
5, 11, 17, 163
What are the prime factors of 25466592?
2, 3, 265277
List the prime factors of 3805495.
5, 223, 3413
What are the prime factors of 4520233?
19, 73, 3259
What are the prime factors of 123785?
5, 19, 1303
List the prime factors of 20225313.
3, 2247257
List the prime factors of 2046820.
2, 5, 29, 3529
What are the prime factors of 1419001?
1419001
List the prime factors of 1099620.
2, 3, 5, 41, 149
What are the prime factors of 6393054?
2, 3, 17, 233, 269
List the prime factors of 5806632.
2, 3, 13, 37, 503
What are the prime factors of 16148577?
3, 5382859
What are the prime factors of 607583?
607583
List the prime factors of 711296.
2, 5557
What are the prime factors of 2799542?
2, 223, 6277
List the prime factors of 3309708.
2, 3, 83, 3323
List the prime factors of 241788.
2, 3, 20149
What are the prime factors of 14696?
2, 11, 167
List the prime factors of 783516.
2, 3, 65293
What are the prime factors of 202181?
7, 17, 1699
List the prime factors of 50914.
2, 25457
What are the prime factors of 355190?
2, 5, 11, 3229
What are the prime factors of 3840528?
2, 3, 29, 31, 89
What are the prime factors of 71476?
2, 107, 167
List the prime factors of 1035.
3, 5, 23
What are the prime factors of 23399963?
19, 1231577
List the prime factors of 598863.
3, 199621
What are the prime factors of 2979872?
2, 7, 53, 251
What are the prime factors of 976810?
2, 5, 23, 31, 137
List the prime factors of 5826446.
2, 2913223
What are the prime factors of 1615175?
5, 23, 53
List the prime factors of 1144213.
7, 223, 733
What are the prime factors of 22433072?
2, 19, 109, 677
List the prime factors of 4363434.
2, 3, 242413
What are the prime factors of 73716?
2, 3, 6143
List the prime factors of 742633.
41, 59, 307
List the prime factors of 517149.
3, 37, 1553
What are the prime factors of 6395965?
5, 1279193
What are the prime factors of 379734?
2, 3, 19, 3331
List the prime factors of 342075.
3, 5, 4561
List the prime factors of 377035.
5, 75407
List the prime factors of 5732238.
2, 3, 277, 3449
List the prime factors of 988918.
2, 7, 10091
What are the prime factors of 10353449?
10353449
What are the prime factors of 24651585?
3, 5, 7, 78259
What are the prime factors of 101746?
2, 50873
List the prime factors of 3082195.
5, 616439
List the prime factors of 1504982.
2, 23, 32717
What are the prime factors of 10754902?
2, 43, 79, 1583
What are the prime factors of 902049?
3, 300683
What are the prime factors of 22376?
2, 2797
List the prime factors of 282625.
5, 7, 17, 19
List the prime factors of 87290.
2, 5, 7, 29, 43
What are the prime factors of 192335?
5, 11, 13, 269
What are the prime factors of 129850?
2, 5, 7, 53
List the prime factors of 278652.
2, 3, 11, 2111
What are the prime factors of 48711?
3, 13, 1249
What are the prime factors of 3731248?
2, 61, 3823
List the prime factors of 6288300.
2, 3, 5, 17, 137
What are the prime factors of 424467?
3, 79, 199
What are the prime factors of 140462?
2, 7, 79, 127
List the prime factors of 135847.
17, 61, 131
What are the prime factors of 3784610?
2, 5, 19, 19919
List the prime factors of 5934953.
5934953
List the prime factors of 2135487.
3, 711829
List the prime factors of 6568058.
2, 7, 67021
What are the prime factors of 1444672?
2, 22573
List the prime factors of 1461131.
7, 29819
List the prime factors of 28060715.
5, 5612143
What are the prime factors of 813552?
2, 3, 17, 997
What are the prime factors of 9243111?
3, 3081037
What are the prime factors of 281196?
2, 3, 73, 107
What are the prime factors of 442431?
3, 11, 41, 109
List the prime factors of 83354.
2, 71, 587
What are the prime factors of 3538156?
2, 239, 3701
What are the prime factors of 43428?
2, 3, 7, 11, 47
What are the prime factors of 8066327?
43, 109, 1721
What are the prime factors of 25240273?
97, 260209
List the prime factors of 15462123.
3, 127, 40583
List the prime factors of 1122593.
53, 59, 359
What are the prime factors of 1006938?
2, 3, 29, 643
List the prime factors of 277499.
277499
List the prime factors of 5961496.
2, 745187
What are the prime factors of 9776455?
5, 13, 150407
List the prime factors of 10555370.
2, 5, 7, 150791
What are the prime factors of 217510?
2, 5, 21751
List the prime factors of 227993.
227993
What are the prime factors of 517947?
3, 172649
What are the prime factors of 16945547?
223, 75989
List the prime factors of 6199.
6199
List the prime factors of 323479.
13, 149, 167
List the prime factors of 29572247.
29572247
What are the prime factors of 1494836?
2, 7, 197, 271
List the prime factors of 715425.
3, 5, 9539
What are the prime factors of 6090867?
3, 676763
What are the prime factors of 28196240?
2, 5, 47, 7499
List the prime factors of 451592.
2, 19, 2971
List the prime factors of 5055629.
5055629
What are the prime factors of 38579239?
17, 311, 7297
What are the prime factors of 13326304?
2, 61, 6827
List the prime factors of 4055045.
5, 433, 1873
What are the prime factors of 1635031?
1635031
What are the prime factors of 2425457?
2425457
What are the prime factors of 6208939?
11, 564449
List the prime factors of 894839.
11, 81349
List the prime factors of 9347184.
2, 3, 7, 11, 281
What are the prime factors of 494568?
2, 3, 6869
List the prime factors of 372967.
7, 53281
List the prime factors of 406598.
2, 263, 773
List the prime factors of 293888.
2, 7, 41
What are the prime factors of 4112682?
2, 3, 7, 181, 541
List the prime factors of 3925383.
3, 7, 11, 16993
What are the prime factors of 406257?
3, 191, 709
What are the prime factors of 5034192?
2, 3, 104879